62)*-12 - w/27.
2, 5, 157
Let y(c) = 2*c**2 - c - 14. Let a = -59 + 73. Let t be (2 - 4)*a/(-4). What are the prime factors of y(t)?
7, 11
Suppose 13562 = -2*p + 51556. What are the prime factors of p?
11, 157
Let h(b) = -b**3 + 24*b**2 + 26*b - 13. Let a be h(25). Suppose 0 = -a*x + 163 - 31. What are the prime factors of (x*-1)/(5/(-20))?
2, 11
Suppose 0 = -y + 4*x + 50, 0 = 4*y - 5*y + x + 65. Let w(k) = 34*k - 4. Let q be w(7). Let p = q - y. What are the prime factors of p?
2, 41
Suppose 2*z - 2*t - 74 = 0, 3*z - 41 - 100 = -3*t. What are the prime factors of z/(-18)*-3 - -204?
211
Let f(u) = -u**3 + 13*u**2 + 10*u - 15. Suppose -50 = -7*g + 20. What are the prime factors of f(g)?
5, 7, 11
Let p = 214 + -487. Let l = p + 489. What are the prime factors of l?
2, 3
List the prime factors of 957524/586*14/12*(2 + 1).
7, 19, 43
Suppose -177*a + 167*a = -152860. Suppose 0 = -17*s + a - 1652. What are the prime factors of s?
2, 401
Suppose -11*a = 1851 - 597. Let j be (1 - 1 - 1)*197. Let s = a - j. What are the prime factors of s?
83
Let w(c) be the second derivative of -c**5/20 + c**4 + 13*c**3/2 - 9*c**2/2 - c + 109. What are the prime factors of w(14)?
5, 29
Let c be (-18865)/(-13) - (-42)/(-273). Let z = c + -743. What are the prime factors of z?
2, 3, 59
Suppose c - 2*c = -5. Let h be 7 + ((-5)/c - -3). What are the prime factors of (5525/h)/5 + 2/9?
3, 41
Let y = -9506 + 13720. List the prime factors of y.
2, 7, 43
Let h = 2256 + -2122. What are the prime factors of h?
2, 67
Let a(w) = -13*w + 24. Let y(m) = 3*m**2 - 19*m + 2. Suppose 0 = -q + 11 - 5. Let f be y(q). What are the prime factors of a(f)?
2, 19
Let y(n) = n**3 + 2*n**2 + 2*n + 65. Let o be y(0). List the prime factors of (-36)/(-3)*(o/15 + 3).
2, 11
Let o = 24 - 24. Suppose -l + o*l = -4*b - 21, -4*b - 96 = -4*l. Suppose -5*r = l - 210. List the prime factors of r.
37
What are the prime factors of 3/(-9)*-22131 - ((-1 - 0) + -5)?
3, 23, 107
Suppose z - 30 = -4*q, 4*z - 58 = -q + 32. Suppose z*b + 1404 = 4066. List the prime factors of b.
11
Suppose k + 89 = 3*m + 23, 2*m + 91 = -k. Let d = k + 251. What are the prime factors of d?
2, 5, 17
Suppose -2*s + 6*s = 0. Let n = -93 + 97. Suppose -2*y = s, -n*y + 8 = 3*u + u. List the prime factors of u.
2
List the prime factors of (-57768)/(-11) - (1092/(-143))/21.
2, 13, 101
Suppose 0 = -q - f + 38, -5*q - 58 = -2*f - 213. Suppose 0 = -7*c - q - 37. List the prime factors of 9/(315/c) + 394/7.
2, 7
Let u(x) = x - 10. Let f be u(16). Suppose -85 = -f*n + 29. Suppose -2*a - n + 83 = 0. What are the prime factors of a?
2
Let q(c) = -3*c - 26. Let i be q(-9). Let p be -4*(i/(-6))/(6/45). Suppose -k + 235 = -3*m + 2*m, p*k - 2*m - 1187 = 0. What are the prime factors of k?
239
Let w(f) = -17*f - 11. Let o = -59 - -68. Let x be w(o). List the prime factors of -5 + 6 - (2 + (x - -3)).
2, 5
Suppose 0 = 91*v - 90*v + 20. Let t = v + 109. What are the prime factors of t?
89
List the prime factors of 15222 - ((-124)/4 - -18).
5, 11, 277
Suppose -6*a - 17381 = -8*a - l, -2*l + 17378 = 2*a. What are the prime factors of a?
2, 41, 53
Let c = 521 - 507. What are the prime factors of (-156)/21*(0 - c)?
2, 13
Let j = -118 + 123. Suppose 0 = 5*y + h - 254, 3*y + 0*y - 170 = -j*h. Suppose 0 = -16*g + 1730 - y. What are the prime factors of g?
3, 5, 7
Let l(t) = -5*t**3 - 23*t**2 + 12*t + 300. What are the prime factors of l(-15)?
2, 3, 5, 197
Let w = 81 + -174. Let n = -80 - w. Suppose -8*u = -n*u + 315. List the prime factors of u.
3, 7
Suppose 0 = -r + 26*r + 137896 - 842521. List the prime factors of r.
3, 5, 1879
Suppose -w - 4*o + 31 = -140, 5*o - 30 = 0. What are the prime factors of w?
3, 7
Suppose -31*j = -260730 - 217569. What are the prime factors of j?
3, 37, 139
What are the prime factors of 782995/35 - (18/(-15) - 52/(-35))?
3, 7457
Let c(l) = l + 1136. Let t be -3 + (3*1)/(43 - 42). List the prime factors of c(t).
2, 71
Suppose 3*p = -3*s + 130323, -5*s + 5*p + 204958 + 12197 = 0. What are the prime factors of s?
2, 10859
Let q(r) be the first derivative of -7 + r - 43/2*r**2. What are the prime factors of q(-3)?
2, 5, 13
Suppose 0 = -8*g - 9 + 393. Let j = g + -22. Suppose n = -n + j. List the prime factors of n.
13
Let i = -16 + 16. Suppose -2*z = -2*o - 576, 2*z - 573 = -i*z + o. What are the prime factors of z?
3, 5, 19
Suppose n + 2*q + 304 = 4*n, -3*n = -3*q - 303. Let r be n*(20/10 - 6/4). Suppose 5*p - 275 = -0*p + 5*y, -p + 3*y = -r. List the prime factors of p.
3, 19
Suppose 51*n = -5*r + 53*n + 37696, -5*r + 37656 = 3*n. What are the prime factors of r?
2, 3, 157
Suppose -l = -40 - 77. Suppose 5*i = 8*b - 7*b - l, -b - 4*i = -72. List the prime factors of b.
2, 23
Suppose 7*l - 3308 = -5*b + 5*l, -1968 = -3*b - 4*l. List the prime factors of b.
2, 83
Suppose 2*q = 1 + 3. Let j(g) = q + 4 + g - 1. What are the prime factors of j(-3)?
2
Suppose 0 = 8*b - 130081 - 124351. What are the prime factors of b?
2, 7951
What are the prime factors of ((-9569)/2)/((-532)/152)?
1367
Let u be (-1)/(-3)*(-144)/(-16). Suppose -5*t = -13*m + 10*m - 2161, -u*t + 1305 = m. What are the prime factors of t?
2, 7, 31
Let n(w) = w**3 - 4*w**2 - 2*w + 9. Let s be n(4). List the prime factors of (3/(-4))/(s + (-2765)/2760).
2, 3, 23
Let s = 84 - -3811. What are the prime factors of s?
5, 19, 41
Let d = -31 + 28. Let b be d/(-8) + (-14634)/(-144). Let r = 192 - b. What are the prime factors of r?
2, 3, 5
Suppose 28234 = 9*m - 21779. List the prime factors of m.
5557
Suppose -3*w = 2*g - 5*w - 1006, 1513 = 3*g - 2*w. Suppose 301 = 8*s - g. What are the prime factors of s?
101
Suppose -32690 - 1039885 = -36*f - 109935. What are the prime factors of f?
2, 5, 7, 191
Let j(u) = -u + 15. Let w(m) = -9*m**3 - m - 1. Let q be w(-1). Let x be j(q). What are the prime factors of x/3 - 6 - -18?
2, 7
Suppose 3*q - 2*x + 3*x - 141 = 0, 4*q + 5*x = 177. Let i = q + -44. Suppose 2*r + r - 106 = -h, h = i. List the prime factors of r.
2, 17
Let i be (-2)/9 + (-1308)/(-54). Suppose -i*z + 680 = -28*z. What are the prime factors of (0 - z - -1) + (-51 - -54)?
2, 3, 29
List the prime factors of (-10380)/(-16)*(-12)/(2 - 261/117).
3, 5, 13, 173
Let b(h) = -55*h + 329. Let q be b(6). What are the prime factors of 2 - (-6027)/12 - q/(-4)?
2, 3, 7
Suppose -3*p = -4*v + 3278, 4*p + 0*p = -v + 810. Let o = -345 + v. What are the prime factors of o?
11, 43
Let s(b) = 95*b**2 - 179*b - 1224. What are the prime factors of s(-7)?
2, 1171
Suppose -z - 25 = 4*j - 87, -4*j + 20 = 0. Suppose y - 24 = z. List the prime factors of y.
2, 3, 11
Let w = -28153 + 39611. List the prime factors of w.
2, 17, 337
What are the prime factors of ((-7 - 4148) + -4)*((-12)/3 - -2)?
2, 4159
Let s be (1/3)/(0 - (-3)/27). Let k = 25 + 73. Suppose -s*i + k = -4*n, 4*i - 84 = 3*n - 7*n. List the prime factors of i.
2, 13
Suppose 14*u - 22*u - 1312 = 0. Let h = 61 - u. What are the prime factors of h?
3, 5
Suppose -65 = -22*l + 9*l. Suppose 4*v + 5*n = v + 967, v = l*n + 309. What are the prime factors of v?
11, 29
Let z(y) = 39*y + 16. Let k(q) = -q**3 + 10*q**2 + 13*q - 16. Let i be k(11). List the prime factors of z(i).
2, 5
Suppose -3*v = x - 19845, -19839 = -3*v - 26*x + 24*x. What are the prime factors of v?
13, 509
Let c = 89 + -256. Let w = c + 294. What are the prime factors of w?
127
Let j(p) = -111*p - 18. Let t be j(-17). Suppose 3*x - t = -4*x. Suppose -2*d - 3*n = -98, -2*n = -d + 6*d - x. What are the prime factors of d?
5, 11
Suppose -5*z + 16486 = -4199. Suppose 2*g = -c + 2225, 0 = -4*g + 5*c + 278 + z. What are the prime factors of g?
2, 3, 5, 37
Suppose 3*p - n = 7, -11*p + 30 = -6*p + 2*n. What are the prime factors of (64/12)/p*321?
2, 107
Let q(v) = 298*v**2 + 24*v + 122. List the prime factors of q(-5).
2, 3, 23
Suppose 5*c = s + 140963, 3*c - 104761 + 20214 = 5*s. List the prime factors of c.
2, 3, 37, 127
Suppose -110*v + 97*v = -20202. List the prime factors of v.
2, 3, 7, 37
Let x(d) = -30*d - 6. Suppose 4*p - 5*p = -3. Let h be x(p). What are the prime factors of (h/56)/((-1)/35)?
2, 3, 5
List the prime factors of 19 + -1 + (-2789423)/(-49).
5, 7, 1627
Suppose -3*y + 5*y = 4*m - 60, -4*y + 60 = 4*m. Let k = m + -13. Suppose -10*f = -3*o - 8*f + 325, 4*o + k*f = 424. What